3 + 13. Give q(6).
-110
Let x(z) = -289*z**3 + 32 + 2*z + 65*z**2 + 294*z**3 + 8 - 12. Determine x(-13).
2
Let i = 98797 - 98796. Let t(y) be the third derivative of -1/12*y**4 + 0*y + 0 - 2*y**2 - 1/10*y**5 + 1/6*y**3. Calculate t(i).
-7
Let w(n) = -25*n + 24*n - 1 + 14*n + 0 + 10*n. Calculate w(-2).
-47
Let k be (-3 - 11) + (49 - 31). Let i(g) = g**3 - 4*g**2 + 4*g + 4. Determine i(k).
20
Let h be (0 - 2)/((520/650)/(14/5)). Let v(k) = k**2 + 19*k + 15. Determine v(h).
-69
Let t(z) be the third derivative of 1/6*z**3 + 0 - 1/12*z**4 + 2/15*z**5 + 0*z + 2*z**2. Let i = 2659 - 2658. Calculate t(i).
7
Let y = -7 + 11. Let j = -478 + 494. Let d(o) = -o**3 + 2*o**2 - 1 + j*o - o**2 + 2*o**2 - 13*o - 3. What is d(y)?
-8
Suppose 4*s + 25 = -s. Let f(r) = 37*r**2 + 2*r + 6. Let c(h) = 46*h**2 + 2*h + 8. Let y(d) = 4*c(d) - 5*f(d). Calculate y(s).
-13
Let n be ((-24)/22)/(28/462). Let y(p) be the first derivative of p**3/3 + 10*p**2 + 42*p + 3. What is y(n)?
6
Let m(g) be the second derivative of 7*g**3/3 + 177*g**2/2 - 2*g - 84. What is m(-14)?
-19
Let j(x) = -25*x + 16. Let v be j(1). Let f(c) = 51 + 51 - 106 - c. Calculate f(v).
5
Let z(m) = 4 - 46*m**2 - 27 + 8*m + 8*m**2 + 39*m**2. Let k = 11 - 21. What is z(k)?
-3
Let s(w) be the third derivative of w**6/120 + 3*w**5/20 + w**4/3 - w**3/3 + 86*w**2 + 28. What is s(-6)?
58
Let p = 79187 - 79186. Let k(j) = -10*j. Let w(f) = 20*f + 1. Let m(i) = -5*k(i) - 2*w(i). Calculate m(p).
8
Suppose 2*r - 26 = -5*m, 0 = -2*r - 2*m - 3 + 23. Let y(k) = -k**2 + 6*k. Calculate y(r).
-16
Let l(j) = -j**3 + 7*j**2 + 3*j - 7. Suppose 9*c - 165 = -39. Suppose -9*t = -7*t - c. Calculate l(t).
14
Let c = -96 - -105. Suppose c*k - 2*k = 0. Let h(u) = u**3 - 28 - 17*u + 28*u - 2*u**3 + u**2 - 10*u. Calculate h(k).
-28
Suppose -178163*g = -178138*g + 150. Let s(o) = 2 + 0*o**3 + o**3 + 6*o**2 - 9. Determine s(g).
-7
Let j(k) = -2*k + 1. Let n(d) = -d + 1. Let u(w) = -3*j(w) + 5*n(w). Let v(q) = -q**3 + 4*q - 3. Let o = -46 - -47. Let a be v(o). Calculate u(a).
2
Suppose -5*w - 2*l + 98 = 2*l, 2*w = 5*l + 26. Let g be 9/w - (-57)/(-6). Let a(t) = t - 2 + 2*t - 2*t. Calculate a(g).
-11
Let t(s) = -36*s - 4. Let p be 64/(-24 - -8) + 4/1. Determine t(p).
-4
Let d = 2 - -3. Let o(y) = 3*y - 1 + 0 + 3 - 15*y**2 + 22*y**2 - 8*y**2. Calculate o(d).
-8
Let a be (5 + (-4)/1)*(-39)/(-13). Let b(g) be the first derivative of -3*g + 1/2*g**2 + 1. What is b(a)?
0
Suppose -4*x + 363 = -l - 4*l, -l + 258 = 3*x. Let n(w) = 83 - 155 + x + 9*w + w**2. Give n(-6).
-3
Let j be 6/(-21)*(-490)/140 - (0 - -8). Let b(x) = -x**2 - 9*x - 23. Calculate b(j).
-9
Let t be (23/3 - (17 + -10)) + (-2)/3. Let u(i) = i**3 - i**2 - 65. What is u(t)?
-65
Let d(w) be the third derivative of w**4/12 + w**3/2 + 75*w**2. Let f be (5 - 8)*(4 + -3). Determine d(f).
-3
Suppose 9 - 31 = -22*f. Let p(d) = 13*d**3 - 5*d**2 + 6. Let n(r) = 27*r**3 - 11*r**2 + 13. Let j(x) = -6*n(x) + 13*p(x). Calculate j(f).
8
Let z(j) = 8*j**2 - 89*j - 74. Let w(b) = -3*b**2 + 44*b + 36. Let g(v) = 7*w(v) + 3*z(v). Give g(-13).
4
Let r(c) = c**3 + 6*c**2 - 8*c - 1. Let h be r(-7). Suppose 12*j = h*j + 126. Let k(g) = -j*g - 2 + 20*g - 2. Determine k(-5).
1
Let l(u) = 512 + 10*u - 505 - 2*u + 5*u**2 - 2*u - u**3. Let n = 60 - 54. Give l(n).
7
Let l(t) be the third derivative of -13*t**6/120 - 5*t**4/24 + t**3 - 13*t**2 - 16*t. What is l(1)?
-12
Let l(c) = -46*c - 513. Let k be l(-11). Let w(g) = -9*g + 8. What is w(k)?
71
Let y(v) = v**2 - 10*v - 91. Let o(t) = 2*t**2 + 230*t + 6494. Let z be o(-50). Calculate y(z).
5
Let q be 2352/120 - (-48)/(-30). Let m(i) = i**2 - 19*i + 12. What is m(q)?
-6
Suppose -9*r = -5*p + 18, -4*p + 3*r = -6 - 0. Let o(b) = b**3 - b**2 + 2*b - 14. What is o(p)?
-14
Let s be 1/(-3)*72/4. Let z be (-24)/36 + 32/s. Let o(u) = 2*u + 6. What is o(z)?
-6
Let k be (-3)/(-2) + 35/70. Suppose -6 = -i - 2*i. Let d(r) = -k + i*r + r**3 + 0*r + r + 7*r**2. Give d(-6).
16
Let p(m) = m**2 - 66*m + 1047. Let u be p(36). Let y(f) = f**3 + 35*f**2 + 64*f - 62. Determine y(u).
4
Let y(c) = 3*c + 0*c - 4*c - 4. Let s be (-1)/((-4)/6)*(-1384)/(-12). Let p = 177 - s. Determine y(p).
-8
Let x(p) = -20 - p + 32 - 21. Let k = 29 - 40. Let a = k - -2. Calculate x(a).
0
Let u(p) = -123 + 44 + 40 + 28 + p. Calculate u(0).
-11
Suppose 0*s = 3*s + 240. Let b = s + 86. Suppose -b*i - 2 = -7*i. Let f(p) = -p**3 + 2*p - 3. Calculate f(i).
-7
Let k(q) = -3*q**2 + 4*q - 2. Let p be (-17)/(-51) + 42/9. Suppose -9 = -2*g + p*r, 4*g + 8*r = 12*r + 12. Determine k(g).
-6
Let d(i) be the first derivative of 3*i**2/2 - 8*i + 3. Let n(t) = -t**3 - 9*t**2 - 9*t - 6. Let c be n(-8). Let h be 224/36 - c/9. Determine d(h).
10
Let i(t) = 8*t + 52*t**2 - 2*t - 38*t**2 - 8*t**2 + 89 - 7*t**2. Calculate i(14).
-23
Let b(o) be the second derivative of 2*o**2 - 1/2*o**3 + 3*o - 1/4*o**4 + 27 + 1/20*o**5. Give b(3).
-5
Let n(r) = -r**3 - 6*r**2 + 4. Let u be n(-6). Suppose b + 1 - 3 = p, -p = -u*b + 17. Let t(x) = -2*x - x**2 + 0*x**2 + p - 4 + x**3. Give t(2).
-1
Let w(k) = -2*k. Let l(b) = b**2 - 10*b + 14. Let c be 127 - (-4 - (-6)/2)/1. Let o be (c/(-40))/((-4)/10). Let s be l(o). Calculate w(s).
4
Let x(v) = -v**3 + 8*v**2 - 6*v - 14. Suppose -99*p + 1484 = 50*p + 63*p. Give x(p).
-7
Suppose -215*r = -144*r - 568. Let y(o) be the first derivative of 2*o**2 - 19*o + 5. Determine y(r).
13
Let f(h) = 11*h**2 + h - 5 - 2*h + 4. Let t(c) = c**2 + 58 + 21*c + 15*c + 51 - 42. Let x be t(-34). Calculate f(x).
11
Let l(h) be the second derivative of 11*h**5/20 - h**4/12 - h**3/6 + h**2 - 434*h. Calculate l(1).
11
Let c(s) = s**3 + 12. Let g(o) = -2*o**2 + 3*o + 4. Let m be g(3). Let x be -1*3/(-6) + m/(-2). Let n be 110/(-35) + x + 1/7. Calculate c(n).
12
Let z be -1*4/18 - (-420)/189. Let c(f) = -9*f**2 - 7*f**2 + 13*f**2 - 3 + 3*f. Calculate c(z).
-9
Let y(a) be the third derivative of a**4/24 + 2*a**3 + 208*a**2 - 3. What is y(-9)?
3
Let q(z) = -17*z**2 - z - 1. Let o(w) = -50*w**2 - 27*w + 2. Let u(y) = o(y) - 3*q(y). Give u(24).
5
Let a = 12242 - 12241. Let u(w) = 19*w**3 - 1. What is u(a)?
18
Let x(l) = -l**2 + 9*l - 10. Let g be (-24)/14 - (-16)/(-56). Let d = g + -6. Let m = 16 + d. Give x(m).
-2
Let r be (-23 + -4)*(-3)/9. Let a(n) = -37 - r*n + 10*n + 42. Give a(-7).
-2
Suppose 0 = t - 3*c - 54, 317 - 87 = 5*t - 5*c. Let f(k) = -7*k**2 - 10*k - 36*k**2 + t*k**2 - 8 + 0. Give f(-6).
16
Let v(w) = -7*w - 1. Let k(x) = -20*x - 27. Let j(n) = 7*n + 8. Let m(y) = 7*j(y) + 2*k(y). Let r(s) = -5*m(s) - 7*v(s). Calculate r(-7).
-31
Let v(g) = g + 3. Suppose -145 = 7*b - 1048. Let c = b - 129. What is v(c)?
3
Let y(v) = 7*v**3 - 3*v**2 - v + 2. Let o = 11253 + -11251. Determine y(o).
44
Let i(n) = -15*n**3 + n**2 + 23*n - 23. Suppose 0 = -4*x + 24, -685*l = -681*l + 2*x - 16. Give i(l).
-14
Let l(t) = -8 + t**2 + 5 - 7 + 10*t. Let y be 10*6/7*(684/90 - 9). What is l(y)?
14
Suppose -s = g - 5*g - 24, -s - 11 = 3*g. Suppose 0 = 4*w - 4*t - 28, t + 10 = -5*w - 3*t. Let p(y) = 0*y**3 - 5 - y**3 - 31*y**w + 25*y**2 - 6*y. Give p(g).
0
Let t = -154 + 157. Let h(f) = 11*f - 3. Let y(w) = -14*w - 1. Let m(c) = 41*c + 2. Let p(o) = 3*m(o) + 8*y(o). Let g(s) = t*h(s) - 4*p(s). Determine g(-1).
10
Let u be ((-2)/3)/(4 - (-73)/(-18)). Let o(s) = s + 2*s + u - 5*s. Let a be o(8). Let j(m) = m - 2. What is j(a)?
-6
Let y(i) = i**2 + 20*i + 91. Let k be y(-14). Let j(w) = -2*w**3 + 13*w**2 + 8*w - 2. What is j(k)?
5
Let f(p) = 17 - 7*p**2 - 52 + 0*p**2 + 4*p**2 - 20 + 27*p. Calculate f(4).
5
Let h(q) be the first derivative of q**6/360 - q**4/24 + 2*q**3/3 - 15*q + 213. Let l(y) be the third derivative of h(y). Let k be 12/(-5) - 2/(-5). Give l(k).
3
Let g(m) = 2*m. Let k = 171 - 285. Let w = 109 + k. Calculate g(w).
-10
Let b(x) = 5 + x - 1 - 1. Suppose -21*d + 7*d + 350 = 0. Let j be d/8 + 1*(-2)/16. What is b(j)?
6
Let v(h) be the third derivative of -1/120*h**6 - 5/6*h**3 + 3/20*h**5 + 0*h - 262*h**2 + 0 - 17/24*h**4. Calculate v(6).
1
Let u(q) = q**3 - 3*q**2 + 3944 + 3959 + q - 12*q - 7891. Determine u(5).
7
Let p be (-6)/((-3 - 1)/2). Suppose -5*g = -t - 3*t + 10, -g - 13 = -p*t. Let a(c) = c**2 - 4*c. Calculate a(t).
5
Let s(r) = 16*r**2 + r - 1. Let v(f) = -33*f**2 - f + 5. Let x(p) = 2*s(p) + v(p). Suppose -4